{"version":"1.0","provider_name":"CUF Milano | Furnishing and Design Office Furniture","provider_url":"https:\/\/www.cufmilano.com\/fr\/","author_name":"rosy Natale","author_url":"https:\/\/www.cufmilano.com\/fr\/author\/rosy\/","title":"JALEED: LA PAROI VITR\u00c9E \u00c9L\u00c9GANTE - CUF Milano | Furnishing and Design Office Furniture","type":"rich","width":600,"height":338,"html":"<blockquote class=\"wp-embedded-content\" data-secret=\"Aj9SWfgqcJ\"><a href=\"https:\/\/www.cufmilano.com\/fr\/jaleed-la-paroi-vitree-elegante\/\">JALEED: LA PAROI VITR\u00c9E \u00c9L\u00c9GANTE<\/a><\/blockquote><iframe sandbox=\"allow-scripts\" security=\"restricted\" src=\"https:\/\/www.cufmilano.com\/fr\/jaleed-la-paroi-vitree-elegante\/embed\/#?secret=Aj9SWfgqcJ\" width=\"600\" height=\"338\" title=\"\u00ab\u00a0JALEED: LA PAROI VITR\u00c9E \u00c9L\u00c9GANTE\u00a0\u00bb &#8212; CUF Milano | Furnishing and Design Office Furniture\" data-secret=\"Aj9SWfgqcJ\" frameborder=\"0\" marginwidth=\"0\" marginheight=\"0\" scrolling=\"no\" class=\"wp-embedded-content\"><\/iframe><script type=\"text\/javascript\">\n\/* <![CDATA[ *\/\n\/*! This file is auto-generated *\/\n!function(d,l){\"use strict\";l.querySelector&&d.addEventListener&&\"undefined\"!=typeof URL&&(d.wp=d.wp||{},d.wp.receiveEmbedMessage||(d.wp.receiveEmbedMessage=function(e){var t=e.data;if((t||t.secret||t.message||t.value)&&!\/[^a-zA-Z0-9]\/.test(t.secret)){for(var s,r,n,a=l.querySelectorAll('iframe[data-secret=\"'+t.secret+'\"]'),o=l.querySelectorAll('blockquote[data-secret=\"'+t.secret+'\"]'),c=new RegExp(\"^https?:$\",\"i\"),i=0;i<o.length;i++)o[i].style.display=\"none\";for(i=0;i<a.length;i++)s=a[i],e.source===s.contentWindow&&(s.removeAttribute(\"style\"),\"height\"===t.message?(1e3<(r=parseInt(t.value,10))?r=1e3:~~r<200&&(r=200),s.height=r):\"link\"===t.message&&(r=new URL(s.getAttribute(\"src\")),n=new URL(t.value),c.test(n.protocol))&&n.host===r.host&&l.activeElement===s&&(d.top.location.href=t.value))}},d.addEventListener(\"message\",d.wp.receiveEmbedMessage,!1),l.addEventListener(\"DOMContentLoaded\",function(){for(var e,t,s=l.querySelectorAll(\"iframe.wp-embedded-content\"),r=0;r<s.length;r++)(t=(e=s[r]).getAttribute(\"data-secret\"))||(t=Math.random().toString(36).substring(2,12),e.src+=\"#?secret=\"+t,e.setAttribute(\"data-secret\",t)),e.contentWindow.postMessage({message:\"ready\",secret:t},\"*\")},!1)))}(window,document);\n\/\/# sourceURL=https:\/\/www.cufmilano.com\/wp-includes\/js\/wp-embed.min.js\n\/* ]]> *\/\n<\/script>\n","thumbnail_url":"https:\/\/www.cufmilano.com\/wp-content\/uploads\/2023\/06\/Jaleed-news-cufmilano-anteprima.jpg","thumbnail_width":2000,"thumbnail_height":1300,"description":"Jaleed, en arabe signifie clair, transparent, impalpable : une paroi vitr\u00e9e aux profils fins et discrets, qui peut \u00eatre configur\u00e9e de diff\u00e9rentes mani\u00e8res, du simple au double vitrage, de la porte coulissante entre deux vitres \u00e0 la porte pleine hauteur. Le syst\u00e8me de cloison qui maintient l'intimit\u00e9 au plus haut niveau, gr\u00e2ce \u00e0 l'incroyable isolation acoustique \u00e9gale \u00e0 49 db."}

JALEED: LA PAROI VITRÉE ÉLÉGANTE - CUF Milano | Furnishing and Design Office Furniture

<blockquote class="wp-embedded-content" data-secret="Aj9SWfgqcJ"><a href="https://www.cufmilano.com/fr/jaleed-la-paroi-vitree-elegante/">JALEED: LA PAROI VITRÉE ÉLÉGANTE</a></blockquote><iframe sandbox="allow-scripts" security="restricted" src="https://www.cufmilano.com/fr/jaleed-la-paroi-vitree-elegante/embed/#?secret=Aj9SWfgqcJ" width="600" height="338" title="« JALEED: LA PAROI VITRÉE ÉLÉGANTE » &#8212; CUF Milano | Furnishing and Design Office Furniture" data-secret="Aj9SWfgqcJ" frameborder="0" marginwidth="0" marginheight="0" scrolling="no" class="wp-embedded-content"></iframe><script type="text/javascript">
/* <![CDATA[ */
/*! This file is auto-generated */
!function(d,l){"use strict";l.querySelector&&d.addEventListener&&"undefined"!=typeof URL&&(d.wp=d.wp||{},d.wp.receiveEmbedMessage||(d.wp.receiveEmbedMessage=function(e){var t=e.data;if((t||t.secret||t.message||t.value)&&!/[^a-zA-Z0-9]/.test(t.secret)){for(var s,r,n,a=l.querySelectorAll('iframe[data-secret="'+t.secret+'"]'),o=l.querySelectorAll('blockquote[data-secret="'+t.secret+'"]'),c=new RegExp("^https?:$","i"),i=0;i<o.length;i++)o[i].style.display="none";for(i=0;i<a.length;i++)s=a[i],e.source===s.contentWindow&&(s.removeAttribute("style"),"height"===t.message?(1e3<(r=parseInt(t.value,10))?r=1e3:~~r<200&&(r=200),s.height=r):"link"===t.message&&(r=new URL(s.getAttribute("src")),n=new URL(t.value),c.test(n.protocol))&&n.host===r.host&&l.activeElement===s&&(d.top.location.href=t.value))}},d.addEventListener("message",d.wp.receiveEmbedMessage,!1),l.addEventListener("DOMContentLoaded",function(){for(var e,t,s=l.querySelectorAll("iframe.wp-embedded-content"),r=0;r<s.length;r++)(t=(e=s[r]).getAttribute("data-secret"))||(t=Math.random().toString(36).substring(2,12),e.src+="#?secret="+t,e.setAttribute("data-secret",t)),e.contentWindow.postMessage({message:"ready",secret:t},"*")},!1)))}(window,document);
//# sourceURL=https://www.cufmilano.com/wp-includes/js/wp-embed.min.js
/* ]]> */
</script>

Jaleed, en arabe signifie clair, transparent, impalpable : une paroi vitrée aux profils fins et discrets, qui peut être configurée de différentes manières, du simple au double vitrage, de la porte coulissante entre deux vitres à la porte pleine hauteur. Le système de cloison qui maintient l'intimité au plus haut niveau, grâce à l'incroyable isolation acoustique égale à 49 db.
